{"id":87,"date":"2016-03-09T17:51:58","date_gmt":"2016-03-09T17:51:58","guid":{"rendered":"http:\/\/poldzwig.home.pl\/autoinstalator\/wordpress1\/?page_id=87"},"modified":"2016-03-10T07:53:04","modified_gmt":"2016-03-10T07:53:04","slug":"windy-osobowe-hydrauliczne","status":"publish","type":"page","link":"http:\/\/www.pol-dzwig.pl\/?page_id=87","title":{"rendered":"Windy osobowe hydrauliczne"},"content":{"rendered":"<h2><\/h2>\n<div>\n<h2><strong>Windy osobowe hydrauliczne<\/strong><\/h2>\n<div>\n<p><strong>D\u017awigi hydrauliczne<\/strong> charakteryzuj\u0105 si\u0119 niskim poziomem ha\u0142asu <a href=\"http:\/\/poldzwig.home.pl\/autoinstalator\/wordpress1\/?page_id=87\"><img loading=\"lazy\" class=\"wp-image-102 aligncenter\" src=\"http:\/\/poldzwig.home.pl\/autoinstalator\/wordpress1\/wp-content\/uploads\/2016\/03\/winda_hydrauliczna.jpg\" sizes=\"(max-width: 512px) 100vw, 512px\" alt=\"winda_hydrauliczna\" width=\"512\" height=\"326\" srcset=\"http:\/\/poldzwig.home.pl\/autoinstalator\/wordpress1\/wp-content\/uploads\/2016\/03\/winda_hydrauliczna.jpg 766w, http:\/\/poldzwig.home.pl\/autoinstalator\/wordpress1\/wp-content\/uploads\/2016\/03\/winda_hydrauliczna-300x191.jpg 300w\" \/><\/a>dzi\u0119ki umieszczeniu nap\u0119du (agregatu) poza szybem: w maszynowni prefabrykowanej lub w oddzielnym pomieszczeniu. Warto zwr\u00f3ci\u0107 uwag\u0119, \u017ce nap\u0119d pracuje tylko przy je\u017adzie w g\u00f3r\u0119. Jazda w d\u00f3\u0142 odbywa si\u0119 pod wp\u0142ywem si\u0142y ci\u0119\u017cko\u015bci, z wy\u0142\u0105czonym nap\u0119dem.<\/p>\n<p><strong>Typy wind hydraulicznych:<\/strong><\/div>\n<div>\n<div><\/div>\n<p><strong>GREEN LIFT\u00ae &#8211; FLUITRONIC\u00ae MRL-MC (GLF\u00ae MRL-MC)<\/strong> to standardowy d\u017awig hydrauliczny o ud\u017awigu<\/p>\n<div><\/div>\n<div><strong>od 320 kg (4 osoby) do 1000 kg (13 os\u00f3b).<\/strong><\/div>\n<div><\/div>\n<div>Jest produkowany zgodnie z normami <strong>ISO 9001<\/strong>, spe\u0142nia wymagania europejskiej <strong>Dyrektywy D\u017awigowej 95\/16\/CE<\/strong> i posiada badanie typu. Nale\u017cy do najch\u0119tniej projektowanych i kupowanych d\u017awig\u00f3w w Polsce.<\/div>\n<div><\/div>\n<div><\/div>\n<div>Popularno\u015b\u0107 wynika z jego licznych zalet, takich jak:<\/div>\n<div><\/div>\n<ul>\n<li>prosta, niezawodna konstrukcja,<\/li>\n<li>ni\u017csza cena urz\u0105dzenia i konserwacji w por\u00f3wnaniu do d\u017awig\u00f3w elektrycznych,<\/li>\n<li>niskie koszty eksploatacji,<\/li>\n<li>wysoki poziom bezpiecze\u0144stwa dzi\u0119ki umieszczeniu zespo\u0142u nap\u0119dowego i sterowania poza szybem.<\/li>\n<\/ul>\n<div>Nazwa<strong> FLUITRONIC\u00ae<\/strong> podkre\u015bla zastosowanie nap\u0119du najnowszej generacji z mikroprocesorowym sterowaniem. Wyposa\u017cony jest w nowoczesny agregat z proporcjonalnym blokiem zaworowym <strong>NGV<\/strong> spe\u0142niaj\u0105cym najnowsz\u0105 poprawk\u0119 <strong>A3<\/strong> do normy <strong>PN-EN 81-2<\/strong>.<\/div>\n<div><\/div>\n<div>Zapewnia <strong>bardzo wysoki komfort przejazdu kabiny<\/strong>, a <strong>dok\u0142adno\u015b\u0107 zatrzymania si\u0119 na progu przystanku to 3 mm<\/strong>. Zu\u017cycie energii elektrycznej <strong>jest por\u00f3wnywalne z najnowszymi d\u017awigami elektrycznymi<\/strong>, przy czym trwa\u0142o\u015b\u0107 g\u0142\u00f3wnych mechanicznych element\u00f3w jest <strong>nawet 2 razy wi\u0119ksza.<\/strong><\/div>\n<div><\/div>\n<div>Dzi\u0119ki pomys\u0142owemu oddzieleniu ma\u0142ej prefabrykowanej maszynowni zawieraj\u0105cej agregat i system sterowniczy od szybu, w kt\u00f3rym porusza si\u0119 kabina, ha\u0142as nie rozprzestrzenia si\u0119 po wszystkich kondygnacjach tak, jak ma to miejsce w przypadku tzw. elektrycznych d\u017awig\u00f3w bez maszynowni z zespo\u0142em nap\u0119dowym w szybie.<\/div>\n<div><\/div>\n<div>Z tego wzgl\u0119du <strong>GREEN LIFT\u00ae<\/strong> jest szczeg\u00f3lnie polecany do zastosowania w budynkach mieszkalnych, gdzie cz\u0119sto zdarza si\u0119, \u017ce mieszkania s\u0105siaduj\u0105 z g\u0142o\u015bnymi szybami elektrycznych wind. Szyb d\u017awigu posiada rekordowo ma\u0142e wymiary w stosunku do kabiny.<\/div>\n<div><\/div>\n<div>Kabiny <strong>TMC<\/strong>, to konstrukcje modu\u0142owe z jednym lub dwoma wej\u015bciami. Wn\u0119trze mo\u017cna dowolnie aran\u017cowa\u0107 przy wykorzystaniu szerokiej palety pod\u0142\u00f3g i \u015bciennych paneli kabinowych: laminowanych lub stalowych.<\/div>\n<div><\/div>\n<div>Urz\u0105dzenia <strong>GREEN LIFT\u00ae &#8211; FLUITRONIC\u00ae MRL-MC<\/strong> o ud\u017awigu 630 kg i wi\u0119kszym to windy osobowe przystosowane dla os\u00f3b niepe\u0142nosprawnych.<\/div>\n<div><\/div>\n<div><strong>Zastosowanie:<\/strong> budynki mieszkalne i biurowe, hotele, budynki u\u017cyteczno\u015bci publicznej, obiekty przemys\u0142owe i sportowe.<\/div>\n<div><\/div>\n<div><\/div>\n<div><\/div>\n<div><strong><img loading=\"lazy\" class=\" wp-image-80 alignleft\" src=\"http:\/\/poldzwig.home.pl\/autoinstalator\/wordpress1\/wp-content\/uploads\/2016\/03\/pic_green-lift-mrl-t-126x300.jpg\" alt=\"pic_green-lift-mrl-t\" width=\"156\" height=\"371\" srcset=\"http:\/\/poldzwig.home.pl\/autoinstalator\/wordpress1\/wp-content\/uploads\/2016\/03\/pic_green-lift-mrl-t-126x300.jpg 126w, http:\/\/poldzwig.home.pl\/autoinstalator\/wordpress1\/wp-content\/uploads\/2016\/03\/pic_green-lift-mrl-t.jpg 171w\" sizes=\"(max-width: 156px) 100vw, 156px\" \/>GREEN LIFT\u00ae &#8211; FLUITRONIC\u00ae MRL-T (GLF\u00ae MRL-T)<\/strong> to standardowy d\u017awig hydrauliczny o ud\u017awigu<\/div>\n<div><\/div>\n<div><strong>od 350 kg (4 osoby) do 630 kg (8 os\u00f3b). <\/strong><\/div>\n<div><\/div>\n<div>Jest produkowany zgodnie z normami <strong>ISO 9001<\/strong>, spe\u0142nia wymagania europejskiej <strong>Dyrektywy D\u017awigowej 95\/16\/CE<\/strong> i posiada badanie typu.<\/div>\n<div><\/div>\n<\/div>\n<\/div>\n<div><\/div>\n<div><\/div>\n<div><\/div>\n<div><\/div>\n<div><\/div>\n<p><!--more--><\/p>\n<div>\n<div>\n<p>\u00a0<strong>GREEN LIFT\u00ae &#8211; FLUITRONIC\u00ae TML\u00ae<\/strong> niestandardowy d\u017awig<\/p>\n<div>\n<figure id=\"attachment_83\" aria-describedby=\"caption-attachment-83\" style=\"width: 171px\" class=\"wp-caption alignright\"><img loading=\"lazy\" class=\"wp-image-83\" src=\"http:\/\/poldzwig.home.pl\/autoinstalator\/wordpress1\/wp-content\/uploads\/2016\/03\/pic_green-lift-tml2.jpg\" alt=\"Windy panoramiczne to odmiana d\u017awig\u00f3w TML.\" width=\"171\" height=\"254\" \/><figcaption id=\"caption-attachment-83\" class=\"wp-caption-text\">Windy panoramiczne to odmiana d\u017awig\u00f3w TML.<\/figcaption><\/figure>\n<p>hydrauliczny o ud\u017awigu<\/p>\n<\/div>\n<div><\/div>\n<div><strong>od 320 kg\u00a0\u00a0\u00a0 (4 osoby) do 1600 kg (21 os\u00f3b).<\/strong><\/div>\n<div><\/div>\n<div>Jest produkowany zgodnie z normami <strong>ISO 9001<\/strong> i spe\u0142nia wymagania europejskiej <strong>Dyrektywy D\u017awigowej 95\/16\/CE<\/strong>.<\/div>\n<div><\/div>\n<div><\/div>\n<div><strong>TML\u00ae<\/strong> mo\u017ce by\u0107 wyposa\u017cony w maszynowni\u0119 w prefabrykowanej szafce stoj\u0105cej w pobli\u017cu szybu. (np. w piwnicy) lub w wersji <strong>MRL-T<\/strong> bez maszynowni z agregatem w szybie. Nazwa <strong>TML\u00ae (ang. Tailor Made Lift)<\/strong> oznacza &#8222;d\u017awig skrojony na miar\u0119&#8221; czyli taki, kt\u00f3ry jest indywidualnie zaprojektowany do niestandardowego szybu wg projektu architekta &#8211; wtedy poza nietypow\u0105 kabin\u0105 mog\u0105 by\u0107 zastosowane unikatowe rozwi\u0105zania dotycz\u0105ce nap\u0119du czy bezpiecze\u0144stwa.<\/div>\n<\/div>\n<\/div>\n<p>&nbsp;<\/p>\n<p><!--more--><\/p>\n<div><\/div>\n<div><strong>D\u017awigi panoramiczne<\/strong> to odmiana d\u017awig\u00f3w <strong>TML\u00ae.<\/strong> G\u0142\u00f3wny element to przeszklona kabina projektowana w uzgodnieniu z architektem i cz\u0119sto z inwestorem. D\u017awig panoramiczny mo\u017ce by\u0107 montowany w szklanym szybie lub w przestrzeni tylko cz\u0119\u015bciowo ograniczonej \u015bcianami ze szklanymi drzwiami, co cz\u0119sto mo\u017cna zaobserwowa\u0107 w galeriach handlowych.<\/div>\n<div><\/div>\n<p><!--more--><\/p>\n<p><strong>GREEN LIFT\u00ae TML\u00ae 900 K\u0104TOWY<\/strong><\/p>\n<div>\n<div>\n<div><\/div>\n<div>\n<figure id=\"attachment_112\" aria-describedby=\"caption-attachment-112\" style=\"width: 250px\" class=\"wp-caption alignleft\"><img loading=\"lazy\" class=\"wp-image-112 size-full\" src=\"http:\/\/poldzwig.home.pl\/autoinstalator\/wordpress1\/wp-content\/uploads\/2016\/03\/katowy_tml_900.jpg\" alt=\"Rysunek szybu - winda k\u0105towa\" width=\"250\" height=\"235\" \/><figcaption id=\"caption-attachment-112\" class=\"wp-caption-text\">Rysunek szybu &#8211; winda k\u0105towa<\/figcaption><\/figure>\n<p><strong>GREEN LIFT\u00ae 900<\/strong> &#8211; to niestandardowy osobowy d\u017awig hydrauliczny o ud\u017awigu 900 kg (12 os\u00f3b) i dw\u00f3ch wej\u015bciach do kabiny usytuowanych pod k\u0105tem 90\u00b0. <strong>Jest to najmniejszy d\u017awig k\u0105towy spe\u0142niaj\u0105cy wymagania prawa budowlanego dost\u0119pno\u015bci dla os\u00f3b niepe\u0142nosprawnych.<\/strong> Umo\u017cliwia swobodne manewrowanie w\u00f3zkiem w kabinie. Wymiary kabiny: szer. x g\u0142. = 1,4 x 1,4 m, drzwi o szer. 0,9 m. Jest produkowany zgodnie z normami <strong>ISO 9001<\/strong>, spe\u0142nia wymagania europejskiej <strong>Dyrektywy D\u017awigowej 95\/16\/CE<\/strong>.<\/p>\n<\/div>\n<\/div>\n<\/div>\n<div><\/div>\n<p><!--more--><\/p>\n<div>\n<div>\n<p><strong>WINDA TR\u00d3JSTRONNA GREEN LIFT\u00ae TML\u00ae 900<\/strong><\/p>\n<div>\n<figure id=\"attachment_113\" aria-describedby=\"caption-attachment-113\" style=\"width: 240px\" class=\"wp-caption alignright\"><img loading=\"lazy\" class=\"wp-image-113 size-full\" src=\"http:\/\/poldzwig.home.pl\/autoinstalator\/wordpress1\/wp-content\/uploads\/2016\/03\/pic_tml_trojstronny.jpg\" alt=\"Rysunek szybu - winda tr\u00f3jstronna\" width=\"240\" height=\"248\" \/><figcaption id=\"caption-attachment-113\" class=\"wp-caption-text\">Rysunek szybu &#8211; winda tr\u00f3jstronna<\/figcaption><\/figure>\n<p><strong>GREEN LIFT\u00ae TML\u00ae 900 kg TR\u00d3JSTRONNY<\/strong> &#8211; to niestandardowy osobowy d\u017awig hydrauliczny o ud\u017awigu<\/p>\n<\/div>\n<div><\/div>\n<div><strong>900 kg (12 os\u00f3b)<\/strong><\/div>\n<div><\/div>\n<div>i trzech wej\u015bciach do kabiny usytuowanych pod k\u0105tem 90\u00b0 i na wprost siebie. Jest to najmniejszy d\u017awig z kabin\u0105 tr\u00f3jstronn\u0105, kt\u00f3ry spe\u0142nia wymagania prawa budowlanego dost\u0119pno\u015bci dla os\u00f3b niepe\u0142nosprawnych.<\/div>\n<div><\/div>\n<div>D\u017awigi tr\u00f3jstronne <strong>GL\u00ae TML\u00ae 900<\/strong> umo\u017cliwiaj\u0105 swobodne manewrowanie w\u00f3zkiem w kabinie o odpowiednich wymiarach: szer. x g\u0142. = 1,4 x 1,4 m (1,4 x 1,5 m w wersji panoramicznej), drzwi o szer. minimum 0,9 m. Windy tr\u00f3jstronne GMV s\u0105 produkowane zgodnie z normami <strong>ISO 9001<\/strong>, spe\u0142niaj\u0105 wymagania europejskiej <strong>Dyrektywy D\u017awigowej 95\/16\/CE<\/strong>.<\/div>\n<\/div>\n<\/div>\n<p><!--more--><\/p>\n<div>\n<figure id=\"attachment_114\" aria-describedby=\"caption-attachment-114\" style=\"width: 231px\" class=\"wp-caption alignleft\"><img loading=\"lazy\" class=\"wp-image-114\" src=\"http:\/\/poldzwig.home.pl\/autoinstalator\/wordpress1\/wp-content\/uploads\/2016\/03\/pic_green-lift-tml-1600-300x200.jpg\" alt=\"Winda hydrauliczna 1600 kg\" width=\"231\" height=\"154\" srcset=\"http:\/\/poldzwig.home.pl\/autoinstalator\/wordpress1\/wp-content\/uploads\/2016\/03\/pic_green-lift-tml-1600-300x200.jpg 300w, http:\/\/poldzwig.home.pl\/autoinstalator\/wordpress1\/wp-content\/uploads\/2016\/03\/pic_green-lift-tml-1600.jpg 359w\" sizes=\"(max-width: 231px) 100vw, 231px\" \/><figcaption id=\"caption-attachment-114\" class=\"wp-caption-text\">Winda hydrauliczna 1600 kg<\/figcaption><\/figure>\n<p><strong>FLUITRONIC\u00ae TML\u00ae 1600<\/strong> to standardowy osobowy d\u017awig hydrauliczny o ud\u017awigu<\/p>\n<\/div>\n<div><\/div>\n<div><strong>1600 kg (21 os\u00f3b),<\/strong><\/div>\n<div><\/div>\n<div>wymiarach kabiny szer. x g\u0142. = 1,4 x 2,4 m i drzwi szer. x wys. = 1,2 x 2 m. Jest produkowany zgodnie z normami <strong>ISO 9001<\/strong>, spe\u0142nia wymagania europejskiej <strong>Dyrektywy D\u017awigowej 95\/16\/CE<\/strong>. Ten d\u017awig jest idealnym \u015brodkiem transportu pionowego do budynk\u00f3w, kt\u00f3re wymagaj\u0105 powi\u0119kszonych kabin <strong>np. centra handlowe<\/strong>.<\/div>\n<div><\/div>\n<div>Wymiary kabiny pozwalaj\u0105 na swobodn\u0105 jazd\u0119 os\u00f3b wraz z w\u00f3zkami z zakupami. W przypadku zastosowania <strong>w domu opieki spo\u0142ecznej<\/strong>, kabina mo\u017ce pomie\u015bci\u0107 \u0142\u00f3\u017cko z chorym i dodatkowo kilka os\u00f3b personelu.<\/div>\n<div><\/div>\n<div><strong>GMV 1:1 Technology<\/strong><\/div>\n<div><\/div>\n<div>Nap\u0119d d\u017awigu <strong>GREEN LIFT\u00ae &#8211; FLUITRONIC\u00ae TML\u00ae 1600<\/strong> bazuje na unikatowej w \u015bwiecie technice <strong>GMV 1:1 Technology<\/strong>. W por\u00f3wnaniu do techniki tradycyjnej 1:2 charakteryzuje si\u0119 licznymi zaletami:<\/div>\n<div><\/div>\n<div>\u2022si\u0142owniki teleskopowe typu EC\/TCS produkcji GMV Sweden AB ze 100-procentow\u0105 synchronizacj\u0105 maj\u0105c\u0105 wp\u0142yw na prac\u0119 i trwa\u0142o\u015b\u0107 d\u017awigu (niemo\u017cliw\u0105 do osi\u0105gni\u0119cia przez inne rozwi\u0105zania),<\/div>\n<div><\/div>\n<div>\u2022wysoka trwa\u0142o\u015b\u0107 i niezawodno\u015b\u0107 z powodu ma\u0142ej liczby cz\u0119\u015bci (w tym cz\u0119\u015bci obracaj\u0105cych si\u0119), z kt\u00f3rych zbudowany jest d\u017awig,<\/div>\n<div><\/div>\n<div>\u2022niskie zapotrzebowanie na cz\u0119\u015bci zamienne,<\/div>\n<div><\/div>\n<div>\u2022niskie koszty eksploatacji i konserwacji,<\/div>\n<div><\/div>\n<div>\u2022prosta i ultralekka konstrukcja w por\u00f3wnaniu z innymi rozwi\u0105zaniami,<\/div>\n<div><\/div>\n<div>\u2022wyj\u0105tkowo stabilne po\u0142o\u017cenie podczas wchodzenia pasa\u017cer\u00f3w do kabiny, nieosi\u0105galne w przypadku zawieszenia kabiny na linach (d\u017awigi hydrauliczne 1:2 i elektryczne).<\/div>\n<div><\/div>\n<div><\/div>\n<p><!--more--><\/p>\n<h4>Windy z zani\u017conym nadszybiem i podszybiem<\/h4>\n<div><\/div>\n<div><strong>D\u017awigi z zani\u017conym podszybiem i nadszybiem &#8211; przeznaczone dla budynk\u00f3w istniej\u0105cych<\/strong> wg normy PN-EN 81-21:<\/div>\n<div><\/div>\n<div>\n<figure id=\"attachment_37\" aria-describedby=\"caption-attachment-37\" style=\"width: 250px\" class=\"wp-caption alignleft\"><img loading=\"lazy\" class=\"wp-image-37 \" src=\"http:\/\/poldzwig.home.pl\/autoinstalator\/wordpress1\/wp-content\/uploads\/2016\/03\/pic_green-lift-mrl-mc-8121-300x288.jpg\" alt=\"Winda o zani\u017conym nadszybiu i podszybiu (z maszynowni\u0105).\" width=\"250\" height=\"240\" srcset=\"http:\/\/poldzwig.home.pl\/autoinstalator\/wordpress1\/wp-content\/uploads\/2016\/03\/pic_green-lift-mrl-mc-8121-300x288.jpg 300w, http:\/\/poldzwig.home.pl\/autoinstalator\/wordpress1\/wp-content\/uploads\/2016\/03\/pic_green-lift-mrl-mc-8121.jpg 323w\" sizes=\"(max-width: 250px) 100vw, 250px\" \/><figcaption id=\"caption-attachment-37\" class=\"wp-caption-text\">Winda o zani\u017conym nadszybiu i podszybiu (z maszynowni\u0105).<\/figcaption><\/figure>\n<p><strong>GREEN LIFT\u00ae &#8211; FLUITRONIC\u00ae 81.21 MRL-MC\u00a0 (GLF 81.21 MRL-MC)<\/strong><br \/>\nto standardowy d\u017awig hydrauliczny o ud\u017awigu<\/p>\n<p><strong>od 320 kg (4 osoby) do 1000 kg (13 os\u00f3b),<\/strong><\/p>\n<p>bazuj\u0105cy na normie PN-EN 81-21. Reprezentuje d\u017awigi, windy ze zmniejszonym podszybiem i nadszybiem. \u00a0Przeznaczony jest do istniej\u0105cych budynk\u00f3w, w kt\u00f3rych nie ma mo\u017cliwo\u015bci zastosowania pe\u0142nego podszybia i\/lub nadszybia. Dzi\u0119ki dodatkowym urz\u0105dzeniom bezpiecze\u0144stwa uda\u0142o si\u0119 zredukowa\u0107 podszybie do <strong>45 cm<\/strong>, a nadszybie do <strong>275<\/strong> cm (odpowiednio <strong>50 cm<\/strong> i <strong>280 cm<\/strong> dla ud\u017awig\u00f3w <strong>900-1000 kg<\/strong>)\u00a0.<\/p>\n<\/div>\n<div>\u00a0Agregat oraz sterowanie s\u0105 umieszczone w prefabrykowanej maszynowni stoj\u0105cej w s\u0105siedztwie szybu.<\/div>\n<div><\/div>\n<div><\/div>\n<p><!--more--><\/p>\n<div><\/div>\n<div>\n<figure id=\"attachment_38\" aria-describedby=\"caption-attachment-38\" style=\"width: 264px\" class=\"wp-caption alignright\"><img loading=\"lazy\" class=\"wp-image-38\" src=\"http:\/\/poldzwig.home.pl\/autoinstalator\/wordpress1\/wp-content\/uploads\/2016\/03\/pic_green-lift-mrl-mc-8121-b-300x269.jpg\" alt=\"Winda o zani\u017conym podszybiu i nadszybiu (agregat w szybie).\" width=\"264\" height=\"237\" srcset=\"http:\/\/poldzwig.home.pl\/autoinstalator\/wordpress1\/wp-content\/uploads\/2016\/03\/pic_green-lift-mrl-mc-8121-b-300x269.jpg 300w, http:\/\/poldzwig.home.pl\/autoinstalator\/wordpress1\/wp-content\/uploads\/2016\/03\/pic_green-lift-mrl-mc-8121-b.jpg 325w\" sizes=\"(max-width: 264px) 100vw, 264px\" \/><figcaption id=\"caption-attachment-38\" class=\"wp-caption-text\">Winda o zani\u017conym podszybiu i nadszybiu (agregat w szybie).<\/figcaption><\/figure>\n<p><strong>GREEN LIFT\u00ae &#8211; FLUITRONIC\u00ae 81.21 MRL-T\u00a0(GLF 81.21 MRL-T)<\/strong><br \/>\nto standardowy d\u017awig hydrauliczny o ud\u017awigu<\/p>\n<\/div>\n<div><\/div>\n<div><strong>od 350 kg (4 osoby) do 630 kg (8 os\u00f3b),<\/strong><\/div>\n<div><\/div>\n<div><\/div>\n<div><\/div>\n<div>bazuj\u0105cy na normie PN-EN 81-21. Reprezentuje d\u017awigi, windy ze zmniejszonym podszybiem i nadszybiem. Przeznaczony jest do istniej\u0105cych budynk\u00f3w, w kt\u00f3rych nie ma mo\u017cliwo\u015bci zastosowania pe\u0142nego podszybia i\/lub nadszybia. Dzi\u0119ki dodatkowym urz\u0105dzeniom bezpiecze\u0144stwa uda\u0142o si\u0119 zredukowa\u0107 podszybie do <strong>45 cm<\/strong>, a nadszybie do <strong>275 cm<\/strong>.<\/div>\n<div><\/div>\n<div><strong>D\u017awig wyposa\u017cony jest w agregat o kszta\u0142cie pionowej kolumny, umieszczony w szybie obok prowadnic.<\/strong> Dzi\u0119ki temu ca\u0142e urz\u0105dzenie mie\u015bci si\u0119 w szybie.<\/div>\n<h2><\/h2>\n","protected":false},"excerpt":{"rendered":"<p>Windy osobowe hydrauliczne D\u017awigi hydrauliczne charakteryzuj\u0105 si\u0119 niskim poziomem ha\u0142asu dzi\u0119ki umieszczeniu nap\u0119du (agregatu) poza szybem: w maszynowni prefabrykowanej lub w oddzielnym pomieszczeniu. Warto zwr\u00f3ci\u0107 uwag\u0119, \u017ce nap\u0119d pracuje tylko przy je\u017adzie w g\u00f3r\u0119. Jazda w d\u00f3\u0142 odbywa si\u0119 pod wp\u0142ywem si\u0142y ci\u0119\u017cko\u015bci, z wy\u0142\u0105czonym nap\u0119dem. Typy wind hydraulicznych: GREEN LIFT\u00ae &#8211; FLUITRONIC\u00ae MRL-MC (GLF\u00ae &hellip; <a href=\"http:\/\/www.pol-dzwig.pl\/?page_id=87\" class=\"more-link\">Czytaj dalej <span class=\"screen-reader-text\">Windy osobowe hydrauliczne<\/span> <span class=\"meta-nav\">&rarr;<\/span><\/a><\/p>\n","protected":false},"author":1,"featured_media":0,"parent":0,"menu_order":0,"comment_status":"closed","ping_status":"closed","template":"","meta":[],"_links":{"self":[{"href":"http:\/\/www.pol-dzwig.pl\/index.php?rest_route=\/wp\/v2\/pages\/87"}],"collection":[{"href":"http:\/\/www.pol-dzwig.pl\/index.php?rest_route=\/wp\/v2\/pages"}],"about":[{"href":"http:\/\/www.pol-dzwig.pl\/index.php?rest_route=\/wp\/v2\/types\/page"}],"author":[{"embeddable":true,"href":"http:\/\/www.pol-dzwig.pl\/index.php?rest_route=\/wp\/v2\/users\/1"}],"replies":[{"embeddable":true,"href":"http:\/\/www.pol-dzwig.pl\/index.php?rest_route=%2Fwp%2Fv2%2Fcomments&post=87"}],"version-history":[{"count":12,"href":"http:\/\/www.pol-dzwig.pl\/index.php?rest_route=\/wp\/v2\/pages\/87\/revisions"}],"predecessor-version":[{"id":161,"href":"http:\/\/www.pol-dzwig.pl\/index.php?rest_route=\/wp\/v2\/pages\/87\/revisions\/161"}],"wp:attachment":[{"href":"http:\/\/www.pol-dzwig.pl\/index.php?rest_route=%2Fwp%2Fv2%2Fmedia&parent=87"}],"curies":[{"name":"wp","href":"https:\/\/api.w.org\/{rel}","templated":true}]}}